et w = d - -83. What is the tens digit of w?
2
Suppose -4*d - 1736 = -5*r, 4*r = -4*d + 8*d + 1392. What is the hundreds digit of r?
3
Let b = -205 - -97. Let r be 7/(-3) - (-8)/(-12). What is the tens digit of (1*b/r)/2?
1
Suppose 14 + 6 = -2*i. Let a be (-4 - 7/(-2))*(-26 + 0). Let v = a - i. What is the units digit of v?
3
Let k = -797 + 1390. Suppose 804 = 4*w + 4*q, -k = -7*w + 4*w - 5*q. What is the units digit of w?
6
Suppose -2*r = 4*l - 34, -r = -3*l + r + 22. Let x(h) = -h**3 + 9*h**2 - 8*h + 3. Let g be x(l). Suppose g*w - 30 = w. What is the units digit of w?
5
Let p be ((-27)/(-4))/((-12)/32). Suppose -2*m + 22268 = -5*r, 0*r + 5*m + 8884 = -2*r. What is the units digit of 4/p - r/108?
1
Let k be -1 - -1 - (2*-1 - 2). What is the tens digit of -3 + 180 + k/(-2)?
7
Let w(d) = -10*d - 9. Suppose -k - 1 = 4. What is the units digit of w(k)?
1
Suppose -12*c = 17*c - 174. What is the units digit of c?
6
Suppose 4968 = 4*g + 19*g. What is the tens digit of g?
1
Let j(p) = -p**3 + 14. Let f be j(0). Let a be (-7)/(f/(-4)) - -5. Suppose -2*g = z - 24, 4*g + 43 = 5*z - a. What is the units digit of z?
4
Let f = 4542 + -1579. What is the hundreds digit of f?
9
Suppose 0 = -5*i, -1988 - 1507 = -5*q - 3*i. What is the units digit of q?
9
Suppose -1122 = -2*c + 1530. What is the thousands digit of c?
1
Let a(t) = t**2 + 7*t - 3. Let i be a(-9). Let q = i + -5. Suppose 3*o + 2*o = q. What is the units digit of o?
2
Suppose -29*u - 29*u = -95236. What is the thousands digit of u?
1
Suppose 103*f - 102*f - 3 = 0. Let r(x) = x**2 - x. Let g(d) = 2*d - 3. Let l(a) = g(a) + 5*r(a). What is the units digit of l(f)?
3
Let c be 1 - (55994/(-6) - (-16)/12). What is the units digit of (-6)/21 + c/28?
3
Let f(r) = r**2 + 8*r - 5. Let s be f(-9). Let w be (0 + -2)*(-14)/s. Suppose 0 = w*i - 4*i - 105. What is the units digit of i?
5
Let j(k) = -2*k**2 - 15*k - 46. Let h be j(-9). Let i = 112 + h. What is the units digit of i?
9
What is the units digit of (-1 + 3658/(-10))/(24/(-60))?
7
Let q be 60/36*(0 - -45). Suppose 4*m - 33 = -2*f + q, 0 = 5*f + 3*m - 249. What is the tens digit of f/5 + (-2)/(-5)?
1
Let z(l) = 2*l**2 + 12*l - 20. Let m(r) = -3*r**2 - 13*r + 21. Let n(w) = -3*m(w) - 4*z(w). What is the units digit of n(12)?
3
Let s(j) = 56*j - 20. Let y(h) = 19*h - 7. Let b(p) = -4*s(p) + 11*y(p). What is the tens digit of b(-4)?
6
Let q(b) = b**3 + 16*b**2 - b - 21. Let w be q(-16). What is the units digit of (-46 - 1)/(((-15)/w)/(-3))?
7
Suppose 2*p - 23 = -5*x, 3*x - p = -3 + 8. Suppose 4*b = x*r + 81, -5*b + r = 2*r - 106. What is the tens digit of b?
2
Suppose -j = -0*j. Suppose j = -0*f - f + 2. Suppose 0 = 7*i - f*i - 100. What is the tens digit of i?
2
Let r be 2 + 1431/7 + (-60)/140. Suppose -r = 5*a - 1856. What is the tens digit of a?
3
Let l(q) = q**3 + 10*q**2 + 9*q. Let g be l(-9). Suppose g*n = -3*n + 9, -o - 9 = -4*n. What is the units digit of o?
3
Suppose -c + 1 = -3. Let f(k) = -k + 1. Let g be f(-7). Suppose 3*i - n - n = 21, -4*n + g = c*i. What is the units digit of i?
5
Let w(h) = -2*h**2 + 17*h - 7. Let u be w(8). Let v(l) = 2*l**3 - l**2 + 2*l. What is the units digit of v(u)?
3
Suppose 2*g = 2*c + 3*c - 16, -2*c = -8. What is the tens digit of -2*(-1)/g - (-2 + -10)?
1
Let i be 52*(-26)/8*(-5 - -1). Suppose k = 5*b - 161 - 511, -5*b + i = -3*k. What is the hundreds digit of b?
1
Let v(w) = 12*w - 11. Let t(z) = 25*z - 23. Let g(n) = -6*t(n) + 13*v(n). What is the units digit of g(7)?
7
Let u be 13/(52/1568) + -1. Let p = -197 + u. What is the hundreds digit of p?
1
What is the units digit of ((-1)/(-2))/(22773/(-5694) - -4)?
9
Let k be (-28)/4 - 2/2. Let z be (-1)/(k/(-6))*-32. Suppose w = 5*w - z. What is the units digit of w?
6
Let p(r) = 2*r**3 - 22*r**2 + r - 8. Let a be p(11). Suppose 3*x - 3*t - 21 = 0, 2*t - a*t + 17 = x. What is the units digit of x?
2
Suppose -19*x + 18*x + 34 = 0. Let u = x - 30. Suppose 9*r - u*r + 5*l - 295 = 0, 3*r - 2*l - 172 = 0. What is the tens digit of r?
5
Suppose -10 = 2*y, -4*y - 1436 = 22*x - 23*x. What is the thousands digit of x?
1
Suppose -5*t = -0 + 15, -3*a - 2*t = -2958. What is the hundreds digit of a?
9
What is the tens digit of 5154/15 - 3*8/(-60)?
4
Let d(n) = 82*n - 10. Let u be d(3). Suppose -11*s = -u - 732. What is the units digit of s?
8
What is the thousands digit of 1 - ((-10 - -3 - 2209) + 1)?
2
Suppose -4*y + 49 - 41 = 0. What is the units digit of (13 - 0)/(((-3)/y)/(-3))?
6
Let g(d) = 83*d**3 - 15*d**2 - 3*d - 11. What is the units digit of g(3)?
6
Suppose 9 = 4*v + 33. Let o(a) = a**3 + 3*a**2 + 6*a - 3. Let h(g) = 3*g**3 + 10*g**2 + 18*g - 9. Let s(r) = -3*h(r) + 8*o(r). What is the units digit of s(v)?
9
Let d be 150/20 - (-3)/(-2). Suppose -k = -d*k + 325. What is the tens digit of k?
6
Let j = 596 + -522. What is the tens digit of j?
7
What is the tens digit of ((-929)/5)/(13/(-130))?
5
Let x = -58 + 52. Suppose -3*t = 0, -3*g = -t - 0*t + 9. Let y = g - x. What is the units digit of y?
3
Let v(a) = 2*a**3 + a**2 + 2*a - 2. Let l be v(1). Suppose 0 = 8*z - 5*z - l. What is the tens digit of z/((-1)/(-24) + 0)?
2
Suppose h + 89 = -3*h + 5*p, -4*p = 3*h + 28. Let k(r) = 2*r**2 + 10*r + 1. Let i be k(-7). Let q = h + i. What is the tens digit of q?
1
Let u be (-2)/(-17) - (-261)/(-51). Let v be 35*(0/u - -6). Suppose -4*b + 140 = -2*b - 4*o, -v = -3*b - 2*o. What is the units digit of b?
0
What is the tens digit of (-3009)/(-21) + (46/(-14) - -3)?
4
Let y(x) = -x**2 + 7*x - 7. Let r be y(5). Let d(s) = s + 2. Let b be d(r). Suppose 0*i = b*i - 10. What is the units digit of i?
2
Let z = 2378 + -790. What is the units digit of z?
8
What is the units digit of (19/((-133)/16310))/(-1 - 1)?
5
Let v(n) = 8*n + 34. Let d be v(4). Suppose 3*k = 384 - d. What is the units digit of k?
6
Let k = 227 + -150. Suppose -5*g + 97 = -2*p, 4*g + 2*p - 3*p = k. What is the tens digit of g?
1
Let f(z) = z**3 - 2*z**2 - 10*z + 14. Let g be f(7). Let y = 271 - g. Suppose 4*j - 70 - y = 0. What is the tens digit of j?
3
Let f = 47 - 42. Suppose -f*m + m = -108. What is the tens digit of m?
2
Suppose -4*q + 27 + 189 = -3*i, 179 = 3*q + 2*i. Let b = -241 - -255. Let c = b + q. What is the tens digit of c?
7
Suppose -6*z = 91 - 4291. What is the tens digit of z?
0
Suppose -m = -16 - 180. Let n = m - 368. What is the tens digit of (-6)/21 - n/14?
1
Let y = 1357 + -967. Suppose 70*s + y = 75*s. What is the units digit of s?
8
Suppose 19*n + 4 = 15*n. What is the tens digit of (-15)/5*n + 129?
3
Suppose 9*b - 11652 = -744. What is the hundreds digit of b?
2
Let o be 1/(-4) - (-2709)/36. What is the tens digit of ((-36)/10)/((-5)/o)?
5
Suppose -3*u = 7 + 2. Let q = 5 + u. Suppose -q*x - 136 = -6*x. What is the units digit of x?
4
Let q = 0 - -4. Suppose q*p = p. Suppose -4*j = 3*r - 71, -3*r + p*r + j = -91. What is the units digit of r?
9
Let i(q) = -q**3 - 5*q**2 + q + 7. Let h be i(-5). Suppose 605 = 5*u - 3*x, 2*u + h*u - x - 491 = 0. What is the hundreds digit of u?
1
Suppose -3*p + 8 = 2. Suppose p*g - 3*q - 4 = 0, 4*g - 2*q = -4*q + 8. Suppose -12 = -g*c - 0. What is the units digit of c?
6
Let z(l) = l**2 + 13*l + 2. Let h be z(-13). Let s = h - -1. What is the units digit of 185/15 + 2/s?
3
Let v(l) = -l**3 + 15*l**2 - 13*l + 148. What is the hundreds digit of v(9)?
5
Suppose -21 = 3*b - 72. Suppose -b*h + 2 = -16*h. Suppose 52 = -h*k + 3*k - 2*i, 0 = 4*k + 2*i - 248. What is the units digit of k?
0
Suppose 23*j - 21*j - 1395 = -5*u, -2720 = -4*j + 4*u. What is the tens digit of j?
8
Suppose -j - 93 = -583. Suppose -x + 3*x - j = 0. What is the units digit of x?
5
Suppose 2*p = 4*s - 8, 0 = 5*s - 0*s + 4*p - 23. Suppose 2*j + s*j = 15, t + 9 = 4*j. Suppose 0*b + t*b - 78 = 0. What is the tens digit of b?
2
What is the units digit of (310/(-8))/((-7)/252)?
5
Let l(a) = a**3 + 3*a**2 + 4*a + 3. What is the tens digit of l(8)?
3
Suppose -4*q + 151 = -17. Let p be (-18)/14 - (-12)/q. Let l = 60 + p. What is the units digit of l?
9
What is the units digit of (3/6)/((-2)/(-1756))?
9
Suppose 0*p + p - 3*f + 22 = 0, -3*p + 4*f - 61 = 0. Let v be p/(1/(-7)*1). Suppose u - h = 20, h + v = 5*u + 25. What is the units digit of u?
2
What is the hundreds digit of 3412 + ((-3)/(-9))/(25/(-225))?